6 - -1) + 34 + -9 + 0.
-27
Calculate -7 + (-9 - 62) + 31.
-47
Evaluate -4 - (39 + 49 + -201).
109
Calculate (-39 - (-9 - 2)) + (0 - -1) + 12.
-15
Calculate (-1 - -6) + -121 + -13 + 160.
31
26 - (-147 - (56 - 92))
137
Calculate -26 - (7 - (22 - 28)).
-39
What is -21 + 0 - -4 - -2 - (83 + (-112 - -31))?
-17
What is the value of 228 + 1 - (632 - 515)?
112
What is the value of (-62 - -51 - (-43 + 5 + 1)) + 13?
39
What is (-82 - -41 - (0 - 1)) + (-45 - -32)?
-53
What is (-60 - -164) + -5 - 2?
97
What is the value of -53 - -85 - -9 - -13?
54
What is (-3902 - -3864) + (25 - (4 + -1)) + -2?
-18
Evaluate 1 + 93 - (-57 - (-203 + 165)).
113
Evaluate 60 + -56 + -53 - -29.
-20
What is 37 + (-43 - (-15 - -35)) - 28?
-54
What is (3 + 4 - (9 + 5)) + 93 + -19?
67
What is 11 - (-16 + (0 - 12)) - 10 - -4?
33
Calculate (2 - (-21 + 12 + 7) - 20) + 26.
10
What is (14 - 108) + 12 + 63 - (2 - 141)?
120
Calculate (-25 - (9 + 27)) + 21 + -28.
-68
What is 16 + (3 - 11 - -15 - 19) + (-14 - -11)?
1
What is (-29 - (-12 - -5)) + (-2 - -61)?
37
13 - 1 - (-4 - (-17 - (-19 - -10)) - -107)
-99
Evaluate 11 + 16 + -17 + -20 + -7 + 24.
7
What is -8 + -3 + 22 + (-3 - -3)?
11
-1 + 53 + -2112 + 2133 + -43 + 2
32
Evaluate 19 + (-18 - (-16 - -9) - 12) + -45 + -1.
-50
What is -29 + 49 - (8 - (21 + -11))?
22
Calculate (27 - (13 + -13)) + (-11 + (6 - 1) - -10).
31
0 + -24 + -4 + 31 - 32
-29
Calculate 4 - ((0 + 1 - 3) + 0 - (23254 - 23294)).
-34
What is the value of 19 + -27 + 27 + (-21 - 2)?
-4
Calculate -4 - (-9 - ((8 - 0 - 0) + -1626 + 1581)).
-32
-124 + 38 - (126 + -212)
0
Calculate 65 - ((-1 - 19 - (103 - 110)) + 2 - -4).
72
(-4 - (-12 + 8) - 7) + -147 + 24
-130
What is -65 + 199 + (-298 - -142)?
-22
Calculate (7 - (23 + -12) - (-39 - 26)) + 17.
78
Evaluate (-4 + 6 + -29 - (2 + -1 + 4)) + 5.
-27
(-135 - (13 + -21 + 1)) + 2 + 14 + -21
-133
-6 + (7 - (10 - 6) - 3) + (2 - -48)
44
Calculate (465 + -497 - (1 - -37)) + -38.
-108
What is -4 - ((9 - (-7 + 8 + 13)) + 21 + 27)?
-47
What is the value of 1 + 2 + -87 + 77 + (2 - (-35 + -8))?
38
Evaluate -10 - 13 - (-55 - (17 - 14)).
35
88 - (43 - -9) - (40 + -3)
-1
(-1 - 39) + (-13 - (18 - 13) - -4)
-54
What is the value of 21 + (-1 - -1) + 1716 + -1708?
29
What is (1 - 9 - 10) + (28 - 9) + -10 - 26?
-35
What is (-28 - -50) + 57 + -154?
-75
What is the value of 0 + 5 + -15 - (-2 - 5) - (25 + -24)?
-4
Evaluate (-2 + -4 - (3 + -17)) + (-12 - -4) + -110.
-110
Evaluate -716 - -685 - (2 - -27).
-60
What is 39 + -71 - (19 + -38 + 28 - (-1 + 5))?
-37
-83 + 2 - (11 - 92 - -60)
-60
What is (5 - -3 - 4) + 2 + (-24 - -45) + -68?
-41
Calculate 1 + -6 + (4 - (6 - 3)) + 9 + -60.
-55
What is the value of -43 + 1 - (222 + -242 - (-16 + -1))?
-39
What is the value of -8 - (-5 + 9 + 0 + 13 + -22)?
-3
Evaluate -42 + 56 + -97 + 45.
-38
Evaluate (0 - -10) + 61 + -31 - (-1 - -1).
40
Evaluate (1178 - 1163) + (-2 - -3 - (-5 - -8)).
13
Calculate 1 + 0 + -20 + (18 - -18 - -6).
23
Calculate 65 - (254 + -106) - 47.
-130
What is (-52 - (-1 - -40) - -40) + (1 - 0 - 2)?
-52
Evaluate -10 - (-9 + (-84 - -8) + 20).
55
Calculate 18 + 6 + -17 + 4 + -42.
-31
Evaluate 25 - (-22 - -19) - -11.
39
What is -22 + (37 - -58) + -33?
40
Evaluate -7 - (-2 - -74 - (-17 + 20 + -8 + 8)).
-76
Calculate 10 - -45 - -17 - 72.
0
-3 + (-1 - 0) + (-6 - (-2 + 16 - -5))
-29
Calculate -122 - (-11 + -48) - -9.
-54
Evaluate -64 + 8 + 10 + 32.
-14
What is (-49 - 1) + -1034 + 1076?
-8
Evaluate 24 + (0 + (-1 - 5) - 1).
17
Evaluate (-45 + 19 - -16) + -17.
-27
(-36 - (-33 + 14) - -22) + -45
-40
What is the value of 61 - (43 + -52 + 29)?
41
Calculate (33 + -40 - 0) + (-11 + 10 - (3 + -2)).
-9
Evaluate 13 + -20 + 4 - -54.
51
What is the value of -129 - (0 - 1) - (-56 - -425 - 360)?
-137
Calculate (1 - -56) + (14 - (-2 + 25 + -122 + 114)).
56
58 + (30 - 55) - -49 - 8
74
(-50 - -33 - -5) + -4 + (-2 + 2 - -51)
35
Evaluate 4 - 22 - (-126 + 120).
-12
What is (-9 - ((9 - 5) + (-5 - 0))) + 118 + -59?
51
What is (505 - 534) + -4 + 6?
-27
Evaluate -51 + 0 - (-383 - -361) - (-7 + (-2 - -1)).
-21
-281 + 293 - (-1 - -20 - 5)
-2
Evaluate 145 + -61 + (-39 - -23).
68
Calculate (-1 - 1) + -70 + (-469 - -463).
-78
Evaluate 52 - (0 + -12) - 29.
35
What is the value of -66 - (76 - 69) - -16?
-57
12 - (-22 - (-10 + -43 + 41))
22
Calculate -2 + 0 + 0 + -2 + (-392 - (-108 - 265)).
-23
Calculate (1 + (29 - 12) - 3) + -33.
-18
Evaluate 0 + (1 - 1) + 921 + -965.
-44
Evaluate 4 + (-3 - 44) + -6126 + 6158.
-11
Evaluate (31 - (-2 - -1)) + 12 + 130 + -135.
39
What is 1 + (51 - (-28 + 48))?
32
What is -16 + 26 + 19 + -39 + -107?
-117
82 + (1 - (-22 + 75))
30
Calculate -26 + (-60 - -62) - 30.
-54
Calculate -9 + (10 + -7 - -6 - (12 - 12)).
0
What is -36 + -3 + -27 + 12 + -14 + 7?
-61
23 - ((2 + 7 - 19) + 2 - -3)
28
Calculate (5 - 8) + -8 + -19 + 0 + (1 - -9).
-20
(-8 - 0 - 33) + -6 + 6 + -2
-43
What is -54 - (53 - 121) - (-1 + -7)?
22
What is -26 - -45 - 101 - -25?
-57
Evaluate 9 + (2 + -21 - (12 - 12) - -11).
1
What is the value of -8 - (-25 + (-23 - -24 - -73))?
-57
What is 4 + (6 - (9 - 9 - -31)) - 2?
-23
What is 36 + -6 + (-3 - 1 - (-95 + 100))?
21
What is the value of -15 - (-26 + -55 - -28)?
38
Evaluate (63 - (1 + 1)) + -1 - (-127 + 131).
56
What is the value of 40 - 0 - (59 + (18 - 66))?
29
Evaluate -1 + -18 - (-103 + 45 + 43).
-4
Calculate -95 + 168 + -170 - -152.
55
11 + (3 - 18) - (20 + -43)
19
(51 - -24) + -26 - -10
59
What is -65 - (40 + -90 + -10)?
-5
What is the value of -53 + (20 - 3 - (-9 + 10))?
-37
What is the value of -6 + (-1 - 17) + (204 - 221)?
-41
Evaluate 39 + (-10 + -5 - (32 - 44)).
36
What is the value of 2 + -20 + 4 + (-93 - -95)?
-12
Evaluate -27 + 94 - 26 - 42.
-1
What is the value of 6 - 14 - -28 - (1023 + -996)?
-7
Calculate -26 + 8 + 10 + (-4 - -6) - (-13 - -8).
-1
(37 + -34 - -6 - 32) + 128
105
Evaluate -2 + -4 + -429 + 496.
61
What is -139 - (-90 + -5 + -127)?
83
56 + (-48 - (-49 - -47))
10
What is -13 + 3 - (6 - (-16 - (-22 - -12)))?
-22
1 + 49 - (838 - 763)
-25
Calculate -6 - -1 - (57 - 55 - (5 - -3)).
1
Evaluate 96 - (46 + (37 - -105)).
-92
Evaluate -1 + 1 - (-24 + 1 - (-19 + 0 + 22)).
26
What is the value of (-11 - (-14 - -22)) + 33 + -120?
-106
What is (-4 + -14 - -10) + 31 - -10?
33
Calculate -10 + (57 - 16 - (-3 + 0 + 0 + 4)).
30
What is (-8 - 0) + (-90 - -129) + 5 + (2 - 6)?
32
4 - (-1 - -1) - -26 - (-260 + 263)
27
What is the value of -13 - -26 - ((-2 - -1) + -126) - 19?
121
Calculate (14 + -58 - (5 + 1)) + (69 - 58).
-39
-23 + -25 + 23 + 42
17
35 - (5 - (-7 + 8 + -6 + -4) - 6)
27
-18 + (2 - (-22 - -12)) + -1 + -6
-13
Evaluate -11 - (-123 - (15 - 23) - 27 - (2 + -17)).
116
What is the value of 1 + -14 + -30 + 27 + -1 + -55?
-72
-12 - (-102 - -50 - -26)
14
What is the value of -30 + -24 + 51 - -34?
31
Calculate 4 + 0 - ((-12 - (-1 + 17 - 31)) + 7).
-6
What is 28 + -3 + -35 - (20 + 1 + (-23 - -21))?
-29
What is the value of 50 - (7 + (-12 - -32))?
23
What is the value of (-14 - -1) + 91 - (1 + 2) - (12 + -4)?
67
-94 - ((-129 - -46) + 38)
-49
-2 + 53 + (-14 - 1) + (83 - 82)
37
Calculate (47 - -2 - -4) + (20 - 24) + 1.
50
41 - (-50 + (-55 - -96) + (17 - 0))
33
What is 11 - (4 + 3 + (224 - 227))?
7
What is the value of 74 - 1 - ((-2332 - -2384) + (0 - 34))?
55
-4 - (-3 - -5) - (23 + (-11 + -1 - 33))
16
Evaluate (-40 + -19 - (2 - (-38 + 16))) + -24.
-107
What is the value of -17 - ((-37 - -38) + (20 - (19 + -10)))?
-29
(2 - -17 - (411 + -314)) + -21 + -1
-100
What is the value of 24 + 0 + 25 + 494 + -512?
31
Calculate -2554 - -2562 - (-17 - -1).
24
Evaluate -64 + (-18 - 1 - (628 + -625)).
-86
(-9 - -24) + -79 + 7 - -23
-34
Calculate -33 + -27 + 43 + -47 + 24.
-40
Calculate -7 + 1 - (-69 - (-124 - -33)).
-28
What is (-15 - (-75 - 5)) + -19?
46
Calculate (7 - -9 - 3) + 5 + 9 + 0.
27
Evaluate -7 + 7 + 6 - (5 - (19 + -3 + -85)).
-68
What is the value of -9 - -35 - (5 - -9) - (35 + -1)?
-22
25 + -20 - 35 - 16
-46
What is the value of 14 + -58 + (7 - -2 - 6) + 9?
-32
Evaluate 35 + (18 - 14 - -7).
46
What is 0 - (-23 + 17 + (9 + -6 - 8)) - -43?
54
What is the value of 124 + (36 - (62 - 1))?
99
Calculate 0 + -93 - (-1159 + 1010).
56
84 - 10 - (76 + 24)
-26
-48 - -28 - (12 - 28 - -20)
-24
20 + -2 + -4 + -80 + -7
-73
Calculate (3 - 6 - 12 - (-202 - -51)) + 4 + -8.
132
What is 29 + (23 - -1) + -450 + 434?
37
What is